e highest common factor of 3 and l?
3
Let z(b) be the second derivative of b**5/20 - 10*b**4/3 + 15*b**3/2 - 105*b**2 + 85*b - 1. Let r be z(39). What is the greatest common divisor of r and 384?
24
Let a be ((-304)/(-4))/(-19)*-43. Calculate the highest common divisor of 21500 and a.
172
Suppose 39 = j - 0*j + c, -2*c = -8. Let o be j/25 - 1 - (-173)/5. What is the highest common divisor of o and 490?
35
Suppose -1802 = -9*w + 3508. Suppose -w = -37*l + 3332. Calculate the greatest common divisor of 371 and l.
53
Let z(r) be the second derivative of 7*r**3/2 - 37*r**2 + 107*r. Let p be z(18). What is the highest common divisor of 16 and p?
16
Let j = -217 + -5. Let z = 261 + j. Suppose -2*k + 4*u = -382, 4*k + u - 790 = -4*u. Calculate the greatest common divisor of z and k.
39
Let o = 87 - 53. Let n be (-10614)/39 - (-1)/(65/10). Let l = 408 + n. What is the greatest common factor of l and o?
34
Let b(i) = 5*i**2 - 4*i - 8. Let t be b(7). Let w be ((156/8)/39)/((-1)/(-38)). Calculate the highest common factor of w and t.
19
Let y be 6799/195 + (-12)/(-90). Suppose 2*n + 3*n = 0. Suppose 14 = u - n*u. Calculate the highest common divisor of y and u.
7
Suppose t + 230 = 6*t - 4*d, -5*t + 275 = 5*d. Suppose -2*g + r = -30 - 11, 2*r = -2. What is the highest common divisor of g and t?
10
Let k(n) = n**3 + 44*n - 8*n**2 - 2*n**3 + 66*n**2 - 26*n**2 + 17. Let l be k(33). Calculate the greatest common divisor of 152 and l.
76
Suppose -20*c + 11498 = 458. Calculate the highest common factor of c and 24.
24
Suppose 1836198 = -32*t + 386*t. Calculate the highest common factor of t and 126.
21
Suppose 321*l - 290*l - 2046 = 0. Suppose -6*m = -726 - 264. Calculate the greatest common divisor of l and m.
33
Let a = -3782 - -3805. Calculate the highest common factor of a and 79.
1
Let n(z) = -3*z**2 - 18*z + 3. Let s be n(-6). Suppose 0 = -21*v + 18*v + 9, s*m = 2*v - 3. Calculate the greatest common divisor of m and 16.
1
Suppose -661 = -13*u - 219. Let c be -15*((-515)/15 + 6). Calculate the greatest common divisor of u and c.
17
Let c be -2*1*(-9)/6. Suppose -3*u = -15 - c. Suppose -4*t + u*t = 34. Calculate the greatest common divisor of t and 17.
17
Let z(a) = -5*a + 20. Suppose 2*t - r + 15 = 0, 4*t + 3*r = 6 - 11. Let l be z(t). Calculate the greatest common factor of l and 225.
45
Let v(c) = 31*c - 305. Let r be v(37). Let y = r + -510. Calculate the greatest common factor of y and 4.
4
Suppose 0 = -11*u + 417 - 1209. Let f be ((-943904)/u)/26 + (-4)/18. What is the greatest common divisor of 7 and f?
7
Suppose -1116*c - 832 = -1168*c. Calculate the greatest common factor of 6568 and c.
8
Let r(o) = 5*o**2 - 11*o - 234. Let x be r(17). What is the greatest common divisor of 1408 and x?
128
Suppose -4*w + 6*w + 2 = 0. Let j be -3 + 39/12 + w/4. Suppose -2*n = -4*o - 7*n + 132, j = -5*o + n + 165. Calculate the highest common divisor of o and 297.
33
Let v = 7 - 3. Suppose v*l = -5*r + 85, -4*r + 89 = 2*l - 3*l. Let q = 369 - 180. Calculate the highest common factor of r and q.
21
Let l(a) = 9*a - 19. Let d(r) = -5*r + 9. Let u(n) = 11*d(n) + 6*l(n). Let m be u(-17). Let q be m + (-4 + 34)/5. What is the greatest common factor of q and 4?
4
Let u(k) = -4*k**2 + 305*k - 1621. Let x be u(69). Calculate the greatest common divisor of x and 13490.
190
Let r(n) = -8 - 53*n**2 - 16 - n**3 + 19*n + 15*n**2 + 16*n**2. Let c be r(-23). What is the greatest common divisor of 340 and c?
68
Let w be 0 + 2 - (-33 + 6). Suppose 3 - w = 13*g. Let s be (1 - 1464/(-10)) + g/5. What is the greatest common factor of s and 21?
21
Suppose 12*u = 9*u + 2*w + 13, -4*w - 17 = -3*u. What is the greatest common divisor of 1059 and u?
3
Let t(q) = -139*q - 736. Let h be t(-6). Calculate the greatest common factor of 5684 and h.
98
Let u(y) = y**2 - 67 + 154 + 193 - y. Let d = 14 - 14. Let s be u(d). What is the greatest common factor of s and 40?
40
Suppose 53*j = 9 + 415. What is the greatest common factor of 136 and j?
8
Let k = 504 - 502. Suppose -22*m + 614 = -k. Calculate the highest common factor of 448 and m.
28
Let s(p) = 71*p + 755. Let b be s(0). Calculate the greatest common factor of 4077 and b.
151
Let q(s) = 3*s - 3. Let k be q(3). Let y = -203 - -208. Suppose y*d + 8 = k*d. What is the greatest common divisor of 20 and d?
4
Suppose 2*c - 7*c = -240. Let z(d) = 6*d**3 - 3*d**2 + 9. Let v be z(3). Calculate the highest common factor of v and c.
48
Let m(q) = 18*q + 49. Let w be m(-4). Let s(o) = -7*o - 98. Let h be s(w). What is the greatest common divisor of h and 7?
7
Suppose 870 = 9*z + 6*z. Let f(i) = 67*i + 6 + 6 - z*i. Let u be f(3). What is the highest common factor of 91 and u?
13
Let y = 26 + 14. Let b = 3377 + -3277. What is the greatest common factor of b and y?
20
Let h(m) = -37*m**3 - m**2 + 7*m - 5. Let f be h(2). Let v = 391 + f. What is the highest common divisor of v and 40?
20
Suppose -35 = 3*q + 10. Let i be ((-5)/q)/(1/6). Calculate the greatest common factor of 2 and i.
2
Let v(f) = 49*f. Let x be v(3). Let h = x - 130. What is the highest common factor of 289 and h?
17
Suppose 2*s - 202 = -3*b, -18 = 3*s - 6. Let t be -4 - -3*(7 - 0). Suppose -t*p + 16*p + 14 = 0. Calculate the highest common factor of b and p.
14
Suppose -21 = -10*j + 7*j. Suppose 4*k = 16, -2*k + 0*k = -d - j. Suppose 5*g - 41 = -d. Calculate the highest common divisor of g and 20.
4
Let s(r) = 81*r**3 - 6*r**2 + 3*r + 1. Let i be s(2). Let c = i + -575. Calculate the greatest common factor of c and 196.
28
Suppose -u + 331*d - 339*d = -234, 0 = u - d - 288. Calculate the greatest common factor of u and 23547.
141
Suppose -374 = 6*w - 86. Let k be -1*1 - (w + -10). Let f be k + (-2 - (2 + -1)). Calculate the highest common divisor of 81 and f.
27
Suppose -21*o = -16*o + 745. Let i = o - -201. Calculate the greatest common divisor of 28 and i.
4
Let x be ((-14)/(-4))/(29/232). What is the greatest common factor of x and 148?
4
Let i(c) = -7*c**2 - 140*c + 33. Let z be i(-20). Calculate the highest common factor of 891 and z.
33
Let d be (-16)/(-3)*(-6210)/(-920). What is the greatest common divisor of d and 99?
9
Let m = 101 + -87. Suppose m = 7*j - 21. What is the greatest common divisor of 445 and j?
5
Suppose 0 = -2*d - 4*f + 60, 0 = 4*d + d - 3*f - 124. Let g = 29 - d. Let m be 11*(1 - (g - 3)). Calculate the greatest common divisor of 11 and m.
11
Let l be (-11 - 275/44)*2096/(-12). What is the greatest common divisor of 393 and l?
131
Let l = 274 - 265. Let d be 4/18 + (-669)/(-27). Suppose -s + l = -d. What is the highest common divisor of s and 85?
17
Suppose 27*z - 17*z + 5570 = 0. Let y = -431 - z. Let o = -38 + 56. What is the greatest common divisor of o and y?
18
Let q be ((-9)/(-12))/(2/(-48)). Let z = q + 31. Suppose -5*h + 289 = -426. What is the greatest common factor of z and h?
13
Suppose -194*u = -198*u + 23728. What is the greatest common divisor of u and 4?
4
Let a(h) = 60*h**2 + 1293*h - 25. Let s be a(-24). Calculate the highest common factor of s and 31.
31
Suppose 0 = -2*u - u + 15. Suppose -h - 2*z - 11 = -z, u*h = -3*z - 49. Let l be 2/h - (-1701)/84. What is the highest common divisor of l and 220?
20
Let f(d) = -3*d + 44. Let j be f(0). Let t = j - 44. Suppose t = -0*l + 4*l - 2*r - 40, -l - r = -10. Calculate the highest common factor of 10 and l.
10
Let s be -16*168/42*10/(-8). Calculate the highest common divisor of 2320 and s.
80
Suppose 952 = -66*n + 83*n. Calculate the greatest common factor of 320 and n.
8
Let y = -12090 - -24378. What is the greatest common factor of 24 and y?
24
Let l = 12990 - 8254. What is the greatest common divisor of 74 and l?
74
Let t(w) = 13*w**2 + 19 + 17*w**2 + w**3 + 6*w - 20*w**2. Let r be t(-7). Let g = r + -122. What is the greatest common divisor of 3 and g?
1
Suppose 0*t + 217 + 79 = 2*t. Calculate the greatest common factor of t and 5402.
74
Let b = -10 - -60. Let x = b - 20. Let p(i) = i + 10. Let l be p(0). Calculate the highest common factor of l and x.
10
Suppose v + 2*u = -6, -81*u + 11 = 4*v - 78*u. Suppose -a = 3*a - 528. What is the greatest common divisor of v and a?
4
Let m = 9917 - 9912. Suppose -2*n + 24 + 16 = 0. What is the highest common divisor of m and n?
5
Let c = -1094 - -1697. L